
40
Let n(a) = a**3 - 3*a**2 - 2*a - 1. Give n(3).
-7
Let h(z) = -40*z**2 + 205*z - 5. Calculate h(5).
20
Let u(h) = h**3 - 9*h**2 + 11*h - 17. Determine u(8).
7
Let v(j) = -4*j**3 + 32*j**2 + 2*j - 18. Give v(8).
-2
Let y(t) = -2*t**3 - 18*t**2 + 21*t + 4. Give y(-10).
-6
Let m(k) = -k**3 + 6*k**2 - 2*k + 14. Determine m(6).
2
Let v(g) = -g**2 + 4*g + 2. Give v(-5).
-43
Let h(n) = -2*n - 30. What is h(-14)?
-2
Let v(w) = w**3 - 14*w**2 - 3*w + 1. Give v(14).
-41
Let o(l) = -8*l + 2. Calculate o(2).
-14
Let m(t) = 2*t**2 + 16*t - 76. What is m(-11)?
-10
Let y(p) = p**3 + 9*p**2 + 22*p + 25. Give y(-6).
1
Let v(b) = -b**3 - 2*b - 1. What is v(0)?
-1
Let j(o) = -o**3 - 7*o**2 - o - 1. What is j(-6)?
-31
Let b(s) = s**2 - 12*s - 9. Give b(12).
-9
Let y(p) = -5*p**2 + 4*p + 4. Calculate y(-1).
-5
Let a(u) = u**3 - 7*u**2 - 4*u + 16. What is a(7)?
-12
Let c(n) = -2*n + 30. What is c(20)?
-10
Let u(a) = a**2 - 12*a + 29. Determine u(3).
2
Let c(w) = 3*w - 10. Give c(7).
11
Let a(g) = -20*g - 17. Give a(-1).
3
Let z(a) = -69*a - 152. What is z(-2)?
-14
Let t(r) = r**2 + 5*r - 2. Determine t(-4).
-6
Let u(p) = -3*p - 36. Calculate u(-15).
9
Let t(a) = -a**3 - 12*a**2 - 7*a + 36. Determine t(-11).
-8
Let z(g) = -g**3 + 5*g**2 - 4*g - 8. Give z(4).
-8
Let o(d) = d**3 + 12*d**2 + 2*d + 28. Calculate o(-12).
4
Let s(y) = -y**2 - 9*y + 29. Calculate s(-11).
7
Let b(d) = -d**3 - 7*d**2 + 12*d + 19. Give b(-8).
-13
Let a(b) = -22*b**3 - b**2 + b. Calculate a(1).
-22
Let j(n) = -15*n + 826. Give j(55).
1
Let c(d) = -d**2 + 6*d + 31. Determine c(12).
-41
Let s(b) = -b**3 + 7*b**2 - 12*b + 14. What is s(6)?
-22
Let g(w) = 8*w + 147. What is g(-14)?
35
Let o(u) = -u**3 + 6*u**2 - 6*u - 5. What is o(4)?
3
Let s(m) = 9*m - 20. Calculate s(10).
70
Let l(n) = n**3 + 5*n**2 + 2*n - 9. Calculate l(0).
-9
Let z(x) = -x**3 + x**2 + x - 2. What is z(-3)?
31
Let n(b) = -b**2 + 14*b + 14. Give n(14).
14
Let q(f) = f - 42. What is q(49)?
7
Let x(l) = -l + 6. Calculate x(-7).
13
Let c(a) = -a**3 + 8*a**2 + 7*a - 101. Calculate c(7).
-3
Let s(q) = 2*q. Give s(-2).
-4
Let j(z) = -2*z + 19. Give j(9).
1
Let l(p) = p**3 + 15*p**2 + 28*p + 9. Give l(-13).
-17
Let s(y) = 265*y - 262. Give s(1).
3
Let y(i) = -91*i**2 - 6*i - 1. Determine y(1).
-98
Let o(d) = 2*d - 14. Determine o(3).
-8
Let p(u) = -3*u**2 - 13*u + 25. Give p(3).
-41
Let z(i) = i**2 - 12*i. Determine z(14).
28
Let k(d) = d**2 + d + 5. What is k(-6)?
35
Let d(t) = -3*t**2 - 13*t - 4. Give d(-4).
0
Let s(l) = -l**3 + 12*l**2 + 10*l + 14. Determine s(13).
-25
Let u(h) = -h + 10. Determine u(3).
7
Let h(a) = 19*a - 377. Give h(20).
3
Let t(f) = -22*f - 3. What is t(-11)?
239
Let d(n) = -8*n**2 + 56*n + 9. Determine d(7).
9
Let u(t) = t**2 + 7*t. Give u(-9).
18
Let g(r) = 2*r**3 - 3*r**2 + 6*r - 17. Calculate g(4).
87
Let x(m) = m**3 + 6*m**2 + 7*m - 5. Calculate x(-3).
1
Let w(c) = -2*c**3 - 11*c**2 + 11*c + 14. Give w(-6).
-16
Let s(v) = -2*v + 30. What is s(8)?
14
Let z(y) = 2*y - 50. Calculate z(19).
-12
Let p(y) = 3*y**3 + y**2 - y - 22. Determine p(0).
-22
Let f(r) = r - 35. Calculate f(27).
-8
Let w(k) = k**3 + 14*k**2 + 17. Give w(-14).
17
Let q(d) = d**3 - 6*d**2 + 3*d - 7. What is q(6)?
11
Let d(p) = 2*p**2 - p - 2. Determine d(2).
4
Let j(h) = h**3 - 11*h**2 - 4*h - 13. Calculate j(11).
-57
Let q(s) = -s**3 + s**2 + 2*s + 6. Calculate q(0).
6
Let a(b) = b**3 - 11*b**2 + 7*b - 36. Calculate a(11).
41
Let t(n) = -9*n**3 + n**2 - n. What is t(1)?
-9
Let g(q) = -4*q + 14. Give g(4).
-2
Let q(u) = -3*u + 41. What is q(18)?
-13
Let g(o) = -2*o**3 + 34*o**2 - 2*o + 40. Determine g(17).
6
Let p(w) = 5*w - 5. Determine p(2).
5
Let g(x) = 11*x - 22. Give g(-2).
-44
Let o(r) = r**2 - 50*r + 174. Calculate o(46).
-10
Let b(f) = -2*f + 1. Determine b(-4).
9
Let p(r) = r + 9. What is p(-11)?
-2
Let k(j) = -j**3 - 23*j**2 - j + 5. Calculate k(-23).
28
Let w(t) = -6*t**2 + 3*t + 5. Give w(-2).
-25
Let l(s) = 16*s + 4. What is l(-9)?
-140
Let t(l) = 31*l + 127. Calculate t(-6).
-59
Let j(w) = w**3 + 17*w**2 + 15*w - 16. Determine j(-16).
0
Let f(t) = -t**2 + 13*t - 2. Determine f(13).
-2
Let d(i) = -i**3 - i**2 - i + 8. Calculate d(0).
8
Let v(p) = 31*p. Determine v(-1).
-31
Let v(n) = n**2 + 8*n - 8. Give v(-5).
-23
Let m(b) = -b - 65. Calculate m(0).
-65
Let y(f) = -9*f - 7. Give y(-4).
29
Let n(r) = -r**3 + 2*r**2 - 6*r. What is n(-3)?
63
Let k(g) = 20*g - 41. Determine k(3).
19
Let x(o) = 2*o**3 - o**2 - 3*o + 3. What is x(2)?
9
Let h(l) = 8*l**2 + l + 7. Determine h(3).
82
Let o(p) = p + 10. What is o(-15)?
-5
Let d(n) = -n**3 - 10*n**2 - 2*n + 8. Give d(-10).
28
Let u(z) = z**2 - 7*z + 17. Calculate u(5).
7
Let o(m) = m**2 - 3*m. What is o(3)?
0
Let i(o) = -22*o + 2. What is i(-2)?
46
Let h(z) = -z**2 + 39*z - 72. Calculate h(37).
2
Let h(u) = -u**3 + 7*u**2 - 4*u - 1. Calculate h(5).
29
Let i(j) = -j + 13. Give i(7).
6
Let s(i) = -116*i**3 + i**2 - 1. Determine s(1).
-116
Let z(n) = 56*n + 1124. Determine z(-20).
4
Let u(r) = -2*r**2 - 3*r - 6. Give u(0).
-6
Let a(u) = u**2 - 15*u + 17. Determine a(16).
33
Let n(i) = -i**3 + 4*i**2 - 5*i + 1. Calculate n(2).
-1
Let x(j) = 12*j + 24. Calculate x(-4).
-24
Let b(a) = a**2 + a - 2. Calculate b(-5).
18
Let h(c) = -4*c**3 + 25*c**2 - 25*c - 1. Give h(1).
-5
Let h(z) = -z**2 + 84*z + 7. What is h(0)?
7
Let f(h) = h**2 - 6*h. What is f(7)?
7
Let v(w) = -w**3 + 11*w**2 + 11*w - 12. What is v(12)?
-24
Let z(v) = -v**3 + 7*v**2 - 23*v + 11. Calculate z(5).
-54
Let y(x) = 2*x**3 - 26*x**2 + 22*x + 25. Give y(12).
1
Let m(k) = k**3 - k**2 - k + 31. Calculate m(0).
31
Let i(h) = -7*h + 81. Calculate i(16).
-31
Let a(r) = 2*r**2 - 4*r + 8. Calculate a(4).
24
Let y(l) = -l**3 - 4*l**2 + 11*l + 5. Give y(-6).
11
Let z(d) = -21*d + 97. What is z(4)?
13
Let b(v) = -v**2 - 5*v + 17. Give b(-9).
-19
Let k(b) = -2*b**2 + 9*b + 3. Give k(7).
-32
Let p(x) = x**2 + 13*x + 50. What is p(-8)?
10
Let x(a) = -2*a + 23. What is x(8)?
7
Let q(z) = -z**2 - 11*z - 2. Calculate q(-11).
-2
Let z(v) = -v**3 - 8*v**2 + 3*v + 1. Give z(-7).
-69
Let h(t) = -3*t**2 - 3*t - 1. What is h(-2)?
-7
Let o(a) = 4*a - 2. Calculate o(-4).
-18
Let a(g) = g**3 - 4*g**2 - 2*g - 6. Give a(3).
-21
Let v(k) = k**3 + 3*k**2 + k - 4. Calculate v(-3).
-7
Let l(n) = n**2 - 10*n + 10. Determine l(7).
-11
Let p(i) = -i**3 - 3*i**2 - 9. What is p(-4)?
7
Let d(l) = -l**3 + 9*l**2 - 7*l + 11. What is d(7)?
60
Let b(g) = 2*g - 3. Give b(0).
-3
Let w(y) = -2*y**3 - 8*y**2 - y - 5. Give w(-4).
-1
Let l(y) = -2*y**2 + 27*y - 35. Determine l(14).
-49
Let r(h) = 3*h - 15. Give r(8).
9
Let w(z) = 51*z**3 + z - 1. Calculate w(1).
51
Let w(q) = q - 12. Determine w(10).
-2
Let s(c) = -152*c**3 - c**2 - c + 1. Calculate s(1).
-153
Let c(q) = -q**3 - 3*q**2 + 9*q - 8. Give c(-5).
-3
Let d(p) = 2*p**2 + 3*p + 1. Give d(-2).
3
Let x(n) = n**3 - 8*n**2 + 11*n - 11. Calculate x(5).
-31
Let u(d) = -2*d**3 - 8*d**2 + 9*d + 6. Calculate u(-5).
11
Let j(o) = 2*o**3 - 12*o**2 + 6*o - 17. Calculate j(6).
19
Let k(z) = -4*z - 2. Determine k(-1).
2
Let a(k) = -2*k**2 + 12*k + 10. Give a(9).
-44
Let g(r) = -16*r**2 - 2*r - 6. Determine g(-2).
-66
Let c(b) = b**3 + 2*b**2 + b - 4. Give c(-3).
-16
Let t(b) = 6*b + 28. What is t(-6)?
-8
Let j(l) = -3*l**2 - 35*l + 67. Calculate j(2).
-15
Let m(n) = -2*n**2 + 7*n + 15. What is m(5)?
0
Let l(j) = j**2 - 4*j - 3. Give l(5).
2
Let l(h) = h**3 - 4*h**2 - 11*h - 2. Give l(6).
4
Let m(a) = -3*a + 25. What is m(7)?
4
Let n(p) = 30*p + 121. Calculate n(-4).
1
Let d(s) = s**3 + 13*s**2 - 12*s - 17. Give d(-14).
-45
Let c(o) = -o**2 - 3*o + 8. Give c(-10).
-62
Let f(r) = -r**2 + 13*r. What is f(13)?
0
Let c(m) = m**3 + 69*m**2 + 14*m + 970. Determine c(-69).
4
Let t(a) = -6*a + 192. Determine t(35).
-18
Let v(y) = 3*y - 44. Calculate v(0).
-44
Let g(n) = n**3 + 15*n**2 - 54*n. Give g(-18).
0
Let x(h) = -h**2 + 9*h - 7. Determine x(3).
11
Let o(a) = 28*a**2 + 2. What is o(-2)?
114
Let q(u) = 11*u + 24. Calculate q(-3).
-9
Let k(h) = -h - 2. What is k(6)?
-8
Let c(z) = -11*z - 178. Calculate c(-15).
-13
Let p(i) = -i**3 - 3*i**2 + 3*i - 1. Give p(-3).
-10
Let w(u) = u**2 - 18*u - 208. Determine w(-8).
0
Let g(q) = q**3 - 13*q**2 + 11*q + 6. Calculate g(12).
-6
Let b(r) = 2*r**3 - 2*r**2 + 3*r + 3. Determine b(2).
17
L